{"id":9841,"date":"2021-12-21T11:10:06","date_gmt":"2021-12-21T10:10:06","guid":{"rendered":"https:\/\/webdrummer.fr\/?post_type=product&#038;p=9841"},"modified":"2025-02-15T10:27:07","modified_gmt":"2025-02-15T09:27:07","slug":"first-groove-session","status":"publish","type":"product","link":"https:\/\/webdrummer.fr\/index.php\/produit\/first-groove-session\/","title":{"rendered":"FIRST GROOVE SESSION"},"content":{"rendered":"","protected":false},"excerpt":{"rendered":"<h5><img loading=\"lazy\" decoding=\"async\" class=\"alignnone wp-image-6672\" src=\"https:\/\/webdrummer.fr\/wp-content\/uploads\/2020\/01\/niveaux-difficult\u00e9s-site-webdrummer-1-3.png\" alt=\"\" width=\"112\" height=\"85\" srcset=\"https:\/\/webdrummer.fr\/wp-content\/uploads\/2020\/01\/niveaux-difficult\u00e9s-site-webdrummer-1-3.png 795w, https:\/\/webdrummer.fr\/wp-content\/uploads\/2020\/01\/niveaux-difficult\u00e9s-site-webdrummer-1-3-300x226.png 300w, https:\/\/webdrummer.fr\/wp-content\/uploads\/2020\/01\/niveaux-difficult\u00e9s-site-webdrummer-1-3-700x528.png 700w, https:\/\/webdrummer.fr\/wp-content\/uploads\/2020\/01\/niveaux-difficult\u00e9s-site-webdrummer-1-3-768x580.png 768w\" sizes=\"auto, (max-width: 112px) 100vw, 112px\" \/><\/h5>\n<p><span style=\"color: #000000;\"><strong>FIRST GROOVE SESSION<\/strong><\/span><\/p>\n<p><span style=\"color: #000080;\">An 11 PAGES PDF FOR LEARNING TO PLAY AND READ DRUM SCORES FROM INTRO TILL ENDING !\u00a0<\/span><\/p>\n<p>Un PDF de 11 pages pour s&rsquo;initier au jeu et \u00e0 la lecture des partitions de batterie ! Arriverez-vous \u00e0 jouer chaque PDF de la premi\u00e8re \u00e0 la derni\u00e8re mesure ?<\/p>\n<ul>\n<li>MODE d&#8217;emploi<\/li>\n<li>8 pages de rythmes<\/li>\n<\/ul>\n<p>&nbsp;<\/p>\n<p>&nbsp;<\/p>\n","protected":false},"featured_media":9883,"comment_status":"open","ping_status":"closed","template":"","meta":{"neve_meta_sidebar":"","neve_meta_container":"","neve_meta_enable_content_width":"off","neve_meta_content_width":70,"neve_meta_title_alignment":"","neve_meta_author_avatar":"","neve_post_elements_order":"","neve_meta_disable_header":"","neve_meta_disable_footer":"","neve_meta_disable_title":"","_themeisle_gutenberg_block_has_review":false},"product_brand":[],"product_cat":[31,22],"product_tag":[],"class_list":{"0":"post-9841","1":"product","2":"type-product","3":"status-publish","4":"has-post-thumbnail","6":"product_cat-pdf-shop","7":"product_cat-premiers-pas","9":"first","10":"instock","11":"downloadable","12":"virtual","13":"purchasable","14":"product-type-simple"},"yoast_head":"<!-- This site is optimized with the Yoast SEO plugin v27.4 - https:\/\/yoast.com\/product\/yoast-seo-wordpress\/ -->\n<title>FIRST GROOVE SESSION - WebDrummer<\/title>\n<meta name=\"robots\" content=\"index, follow, max-snippet:-1, max-image-preview:large, max-video-preview:-1\" \/>\n<link rel=\"canonical\" href=\"https:\/\/webdrummer.fr\/index.php\/produit\/first-groove-session\/\" \/>\n<meta property=\"og:locale\" content=\"fr_FR\" \/>\n<meta property=\"og:type\" content=\"article\" \/>\n<meta property=\"og:title\" content=\"FIRST GROOVE SESSION - WebDrummer\" \/>\n<meta property=\"og:description\" content=\"FIRST GROOVE SESSION  An 11 PAGES PDF FOR LEARNING TO PLAY AND READ DRUM SCORES FROM INTRO TILL ENDING !\u00a0  Un PDF de 11 pages pour s&#039;initier au jeu et \u00e0 la lecture des partitions de batterie ! Arriverez-vous \u00e0 jouer chaque PDF de la premi\u00e8re \u00e0 la derni\u00e8re mesure ?   MODE d&#039;emploi  8 pages de rythmes  &nbsp;  &nbsp;\" \/>\n<meta property=\"og:url\" content=\"https:\/\/webdrummer.fr\/index.php\/produit\/first-groove-session\/\" \/>\n<meta property=\"og:site_name\" content=\"WebDrummer\" \/>\n<meta property=\"article:publisher\" content=\"https:\/\/www.facebook.com\/webdrummer.fr\" \/>\n<meta property=\"article:modified_time\" content=\"2025-02-15T09:27:07+00:00\" \/>\n<meta property=\"og:image\" content=\"https:\/\/webdrummer.fr\/wp-content\/uploads\/2021\/12\/miniature-woocommerce-FGS.png\" \/>\n\t<meta property=\"og:image:width\" content=\"3998\" \/>\n\t<meta property=\"og:image:height\" content=\"3841\" \/>\n\t<meta property=\"og:image:type\" content=\"image\/png\" \/>\n<meta name=\"twitter:card\" content=\"summary_large_image\" \/>\n<script type=\"application\/ld+json\" class=\"yoast-schema-graph\">{\"@context\":\"https:\\\/\\\/schema.org\",\"@graph\":[{\"@type\":\"WebPage\",\"@id\":\"https:\\\/\\\/webdrummer.fr\\\/index.php\\\/produit\\\/first-groove-session\\\/\",\"url\":\"https:\\\/\\\/webdrummer.fr\\\/index.php\\\/produit\\\/first-groove-session\\\/\",\"name\":\"FIRST GROOVE SESSION - WebDrummer\",\"isPartOf\":{\"@id\":\"https:\\\/\\\/webdrummer.fr\\\/#website\"},\"primaryImageOfPage\":{\"@id\":\"https:\\\/\\\/webdrummer.fr\\\/index.php\\\/produit\\\/first-groove-session\\\/#primaryimage\"},\"image\":{\"@id\":\"https:\\\/\\\/webdrummer.fr\\\/index.php\\\/produit\\\/first-groove-session\\\/#primaryimage\"},\"thumbnailUrl\":\"https:\\\/\\\/webdrummer.fr\\\/wp-content\\\/uploads\\\/2021\\\/12\\\/miniature-woocommerce-FGS.png\",\"datePublished\":\"2021-12-21T10:10:06+00:00\",\"dateModified\":\"2025-02-15T09:27:07+00:00\",\"breadcrumb\":{\"@id\":\"https:\\\/\\\/webdrummer.fr\\\/index.php\\\/produit\\\/first-groove-session\\\/#breadcrumb\"},\"inLanguage\":\"fr-FR\",\"potentialAction\":[{\"@type\":\"ReadAction\",\"target\":[\"https:\\\/\\\/webdrummer.fr\\\/index.php\\\/produit\\\/first-groove-session\\\/\"]}]},{\"@type\":\"ImageObject\",\"inLanguage\":\"fr-FR\",\"@id\":\"https:\\\/\\\/webdrummer.fr\\\/index.php\\\/produit\\\/first-groove-session\\\/#primaryimage\",\"url\":\"https:\\\/\\\/webdrummer.fr\\\/wp-content\\\/uploads\\\/2021\\\/12\\\/miniature-woocommerce-FGS.png\",\"contentUrl\":\"https:\\\/\\\/webdrummer.fr\\\/wp-content\\\/uploads\\\/2021\\\/12\\\/miniature-woocommerce-FGS.png\",\"width\":3998,\"height\":3841},{\"@type\":\"BreadcrumbList\",\"@id\":\"https:\\\/\\\/webdrummer.fr\\\/index.php\\\/produit\\\/first-groove-session\\\/#breadcrumb\",\"itemListElement\":[{\"@type\":\"ListItem\",\"position\":1,\"name\":\"Accueil\",\"item\":\"https:\\\/\\\/webdrummer.fr\\\/\"},{\"@type\":\"ListItem\",\"position\":2,\"name\":\"PDF SHOP\",\"item\":\"https:\\\/\\\/webdrummer.fr\\\/index.php\\\/boutique\\\/\"},{\"@type\":\"ListItem\",\"position\":3,\"name\":\"FIRST GROOVE SESSION\"}]},{\"@type\":\"WebSite\",\"@id\":\"https:\\\/\\\/webdrummer.fr\\\/#website\",\"url\":\"https:\\\/\\\/webdrummer.fr\\\/\",\"name\":\"WebDrummer\",\"description\":\"la batterie \u00e0 la port\u00e9e de tous ! Drums for all !\",\"publisher\":{\"@id\":\"https:\\\/\\\/webdrummer.fr\\\/#organization\"},\"alternateName\":\"WD\",\"potentialAction\":[{\"@type\":\"SearchAction\",\"target\":{\"@type\":\"EntryPoint\",\"urlTemplate\":\"https:\\\/\\\/webdrummer.fr\\\/?s={search_term_string}\"},\"query-input\":{\"@type\":\"PropertyValueSpecification\",\"valueRequired\":true,\"valueName\":\"search_term_string\"}}],\"inLanguage\":\"fr-FR\"},{\"@type\":\"Organization\",\"@id\":\"https:\\\/\\\/webdrummer.fr\\\/#organization\",\"name\":\"WebDrummer\",\"url\":\"https:\\\/\\\/webdrummer.fr\\\/\",\"logo\":{\"@type\":\"ImageObject\",\"inLanguage\":\"fr-FR\",\"@id\":\"https:\\\/\\\/webdrummer.fr\\\/#\\\/schema\\\/logo\\\/image\\\/\",\"url\":\"https:\\\/\\\/webdrummer.fr\\\/wp-content\\\/uploads\\\/2021\\\/10\\\/logo-webdrummer-noir-detoure.png\",\"contentUrl\":\"https:\\\/\\\/webdrummer.fr\\\/wp-content\\\/uploads\\\/2021\\\/10\\\/logo-webdrummer-noir-detoure.png\",\"width\":5291,\"height\":3777,\"caption\":\"WebDrummer\"},\"image\":{\"@id\":\"https:\\\/\\\/webdrummer.fr\\\/#\\\/schema\\\/logo\\\/image\\\/\"},\"sameAs\":[\"https:\\\/\\\/www.facebook.com\\\/webdrummer.fr\"]}]}<\/script>\n<!-- \/ Yoast SEO plugin. -->","yoast_head_json":{"title":"FIRST GROOVE SESSION - WebDrummer","robots":{"index":"index","follow":"follow","max-snippet":"max-snippet:-1","max-image-preview":"max-image-preview:large","max-video-preview":"max-video-preview:-1"},"canonical":"https:\/\/webdrummer.fr\/index.php\/produit\/first-groove-session\/","og_locale":"fr_FR","og_type":"article","og_title":"FIRST GROOVE SESSION - WebDrummer","og_description":"FIRST GROOVE SESSION  An 11 PAGES PDF FOR LEARNING TO PLAY AND READ DRUM SCORES FROM INTRO TILL ENDING !\u00a0  Un PDF de 11 pages pour s'initier au jeu et \u00e0 la lecture des partitions de batterie ! Arriverez-vous \u00e0 jouer chaque PDF de la premi\u00e8re \u00e0 la derni\u00e8re mesure ?   MODE d'emploi  8 pages de rythmes  &nbsp;  &nbsp;","og_url":"https:\/\/webdrummer.fr\/index.php\/produit\/first-groove-session\/","og_site_name":"WebDrummer","article_publisher":"https:\/\/www.facebook.com\/webdrummer.fr","article_modified_time":"2025-02-15T09:27:07+00:00","og_image":[{"width":3998,"height":3841,"url":"https:\/\/webdrummer.fr\/wp-content\/uploads\/2021\/12\/miniature-woocommerce-FGS.png","type":"image\/png"}],"twitter_card":"summary_large_image","schema":{"@context":"https:\/\/schema.org","@graph":[{"@type":"WebPage","@id":"https:\/\/webdrummer.fr\/index.php\/produit\/first-groove-session\/","url":"https:\/\/webdrummer.fr\/index.php\/produit\/first-groove-session\/","name":"FIRST GROOVE SESSION - WebDrummer","isPartOf":{"@id":"https:\/\/webdrummer.fr\/#website"},"primaryImageOfPage":{"@id":"https:\/\/webdrummer.fr\/index.php\/produit\/first-groove-session\/#primaryimage"},"image":{"@id":"https:\/\/webdrummer.fr\/index.php\/produit\/first-groove-session\/#primaryimage"},"thumbnailUrl":"https:\/\/webdrummer.fr\/wp-content\/uploads\/2021\/12\/miniature-woocommerce-FGS.png","datePublished":"2021-12-21T10:10:06+00:00","dateModified":"2025-02-15T09:27:07+00:00","breadcrumb":{"@id":"https:\/\/webdrummer.fr\/index.php\/produit\/first-groove-session\/#breadcrumb"},"inLanguage":"fr-FR","potentialAction":[{"@type":"ReadAction","target":["https:\/\/webdrummer.fr\/index.php\/produit\/first-groove-session\/"]}]},{"@type":"ImageObject","inLanguage":"fr-FR","@id":"https:\/\/webdrummer.fr\/index.php\/produit\/first-groove-session\/#primaryimage","url":"https:\/\/webdrummer.fr\/wp-content\/uploads\/2021\/12\/miniature-woocommerce-FGS.png","contentUrl":"https:\/\/webdrummer.fr\/wp-content\/uploads\/2021\/12\/miniature-woocommerce-FGS.png","width":3998,"height":3841},{"@type":"BreadcrumbList","@id":"https:\/\/webdrummer.fr\/index.php\/produit\/first-groove-session\/#breadcrumb","itemListElement":[{"@type":"ListItem","position":1,"name":"Accueil","item":"https:\/\/webdrummer.fr\/"},{"@type":"ListItem","position":2,"name":"PDF SHOP","item":"https:\/\/webdrummer.fr\/index.php\/boutique\/"},{"@type":"ListItem","position":3,"name":"FIRST GROOVE SESSION"}]},{"@type":"WebSite","@id":"https:\/\/webdrummer.fr\/#website","url":"https:\/\/webdrummer.fr\/","name":"WebDrummer","description":"la batterie \u00e0 la port\u00e9e de tous ! Drums for all !","publisher":{"@id":"https:\/\/webdrummer.fr\/#organization"},"alternateName":"WD","potentialAction":[{"@type":"SearchAction","target":{"@type":"EntryPoint","urlTemplate":"https:\/\/webdrummer.fr\/?s={search_term_string}"},"query-input":{"@type":"PropertyValueSpecification","valueRequired":true,"valueName":"search_term_string"}}],"inLanguage":"fr-FR"},{"@type":"Organization","@id":"https:\/\/webdrummer.fr\/#organization","name":"WebDrummer","url":"https:\/\/webdrummer.fr\/","logo":{"@type":"ImageObject","inLanguage":"fr-FR","@id":"https:\/\/webdrummer.fr\/#\/schema\/logo\/image\/","url":"https:\/\/webdrummer.fr\/wp-content\/uploads\/2021\/10\/logo-webdrummer-noir-detoure.png","contentUrl":"https:\/\/webdrummer.fr\/wp-content\/uploads\/2021\/10\/logo-webdrummer-noir-detoure.png","width":5291,"height":3777,"caption":"WebDrummer"},"image":{"@id":"https:\/\/webdrummer.fr\/#\/schema\/logo\/image\/"},"sameAs":["https:\/\/www.facebook.com\/webdrummer.fr"]}]}},"_links":{"self":[{"href":"https:\/\/webdrummer.fr\/index.php\/wp-json\/wp\/v2\/product\/9841","targetHints":{"allow":["GET"]}}],"collection":[{"href":"https:\/\/webdrummer.fr\/index.php\/wp-json\/wp\/v2\/product"}],"about":[{"href":"https:\/\/webdrummer.fr\/index.php\/wp-json\/wp\/v2\/types\/product"}],"replies":[{"embeddable":true,"href":"https:\/\/webdrummer.fr\/index.php\/wp-json\/wp\/v2\/comments?post=9841"}],"wp:featuredmedia":[{"embeddable":true,"href":"https:\/\/webdrummer.fr\/index.php\/wp-json\/wp\/v2\/media\/9883"}],"wp:attachment":[{"href":"https:\/\/webdrummer.fr\/index.php\/wp-json\/wp\/v2\/media?parent=9841"}],"wp:term":[{"taxonomy":"product_brand","embeddable":true,"href":"https:\/\/webdrummer.fr\/index.php\/wp-json\/wp\/v2\/product_brand?post=9841"},{"taxonomy":"product_cat","embeddable":true,"href":"https:\/\/webdrummer.fr\/index.php\/wp-json\/wp\/v2\/product_cat?post=9841"},{"taxonomy":"product_tag","embeddable":true,"href":"https:\/\/webdrummer.fr\/index.php\/wp-json\/wp\/v2\/product_tag?post=9841"}],"curies":[{"name":"wp","href":"https:\/\/api.w.org\/{rel}","templated":true}]}}